e of -f**4/4 + 11*f**3/3 + 49*f**2/2 + f - 10799. Give c(9).
4
Let l(z) = 3249*z**3 + 20*z**2 - 1624*z**3 - 1626*z**3 - 70*z - 30*z**2 + 36 - 17*z**2. Determine l(-24).
-12
Suppose -8*a - 252 = -91*a - 1248. Let y(m) = m**2 + 12*m - 24. Give y(a).
-24
Let x = 2 + 1. Let w(v) be the first derivative of v**4/4 - v**3 - v**2 + 7*v - 3094. Calculate w(x).
1
Let s be ((-5)/5)/2*8. Let n(a) = -2*a**3 - 4*a**2 - 9*a + 5. Let y(v) = -5*v**3 - 10*v**2 - 19*v + 12. Let g(j) = -7*n(j) + 3*y(j). Determine g(s).
9
Let o(h) = -6*h + 41. Suppose 14*b = 11*b - 15*b + 144. Calculate o(b).
-7
Let j(z) be the third derivative of -z**4/24 - z**3 + 35*z**2 + 7. Let k be -9 - (0/4 - -4). Calculate j(k).
7
Let y(t) = -t**3 - 6*t**2 - 2*t - 1. Suppose 14 = -3*o - 1186. Let f be 6/4*o/150. What is y(f)?
-25
Let y(o) = 80*o - 2. Let m(p) = -143*p + 3. Let t(d) = -5*m(d) - 9*y(d). Suppose 0 = -5*h + 2 + 8. Determine t(h).
-7
Let g be (10/(-4))/((-12)/48). Let o(p) = -13*p - g*p + 4 - 5 + 38*p - 10*p. Determine o(-4).
-21
Let n(y) = -4*y**2 - 4*y - 6. Let w(i) = i**2 - i + 1. Let k(c) = n(c) + 3*w(c). Let m be ((-35)/((-70)/(-4)))/(4/14). Calculate k(m).
-3
Let d(s) = -10*s - s - 4 - 28*s**2 - 1 + 16*s. Let j be d(1). Let o be -3 - j/(-16) - (-3)/4. Let r(b) = 3*b + 2. Determine r(o).
-10
Let f = -190 - -199. Suppose 4*w = j + f, 2*j - 5*j = -3*w + 18. Let a(l) = -l - 2*l - 6*l. What is a(w)?
-9
Let n(l) = -l**2 - 11*l - 26. Let b = 2741 - 2748. Calculate n(b).
2
Let y(l) = -2637*l - 2650*l + 5300*l - 12 + 7*l**2 - l**3. Determine y(8).
28
Let z(k) = k**2 - 2*k + 1. Let q be z(-2). Suppose q*o + 239 = -157. Let m = o - -49. Let t(f) = -f**2 + 2*f - 3. What is t(m)?
-18
Suppose 9*u = 10*u + 1. Let s(n) = -n**3 - 5*n**2 - 6*n - 13. Let f(z) = z**2 + z - 1. Let a(y) = u*s(y) + 3*f(y). Calculate a(-7).
-4
Let j(h) be the first derivative of h**4/4 - 13*h**3/3 - 34*h**2 - 8*h + 6839. What is j(17)?
-8
Let r(u) = 627*u + 1887. Let z be r(-3). Let k(t) = t**3 - 7*t**2 - 4*t + 12. Calculate k(z).
-48
Let z(x) = -x**2 - 6*x + 24009. Let a be z(0). Let u(w) = 24009 - a + 8*w. Calculate u(1).
8
Let x(c) = -c**3 + 405*c**2 + 1213*c + 10. Let f be x(-3). Let w(p) = 10*p - 433. What is w(f)?
-3
Let k(l) = -8 - 9 + 23 - 3*l - 11. Let c(q) = 7*q + 13. Let p(w) = -4*c(w) - 9*k(w). Let s be 61/(-7) + 2/(-7). What is p(s)?
2
Let c(p) be the third derivative of -p**5/60 + p**4/24 - 7*p**3/3 - 2729*p**2. What is c(-8)?
-86
Let x be 0/(-2*1/(-2)). Suppose x = -6*l + 31 - 1. Let t(c) = 5*c + 48 - 6*c**2 - 48 + c**3. What is t(l)?
0
Let n(t) = -13*t - 49. Let l be n(-4). Let o(p) be the third derivative of p**4/3 - 2*p**3/3 + 16*p**2. Calculate o(l).
20
Let g(r) = -r**3 + 4*r**2 + 12*r + 1. Let b be g(6). Let t = -1 + 11. Let y(i) = -1 - 5*i - 2*i - t*i. What is y(b)?
-18
Let c(r) = -7*r + 125. Let o = -3932 - -3950. Determine c(o).
-1
Let w(o) be the first derivative of -o**4/4 - 4*o**3/3 + 2*o**2 + 3*o + 2. Suppose -4*m = 32, 0 = -2*c + 3*m + 28 - 14. Calculate w(c).
8
Let m = -2/10557 - -3599/422280. Let p(d) be the third derivative of 0*d - 1/4*d**4 + 20*d**2 + 1/10*d**5 + 0 - m*d**6 + 1/2*d**3. Calculate p(5).
-2
Let h(s) be the third derivative of -3/2*s**3 + 0 - 4*s - 4*s**2 - 1/24*s**4. Suppose -3*m - g = 23, -2*m + 3*g + 5 = -3*m. Give h(m).
-1
Let c(o) = o**3 - 10*o**2 - 25*o + 19. Suppose 0 = 10*a - 4303 + 4183. Determine c(a).
7
Let m(c) = 40*c - 2. Let l be -2 - -11 - (116 + -108). Determine m(l).
38
Let s = -69322 + 69328. Let b(p) = 5*p**3 + 33*p**2 + 15*p. Let r(k) = k**3 + 8*k**2 + 4*k. Let l(d) = -2*b(d) + 9*r(d). Give l(s).
36
Let c(x) be the first derivative of x**2/2 - 8*x + 1. Suppose 893*y + 24 = 899*y. Let a be c(y). Let s(w) = w - 5. What is s(a)?
-9
Suppose -4*f - 26 = 2*w - 16, -2*w = 5*f + 15. Let m be (-5 + 0)/((-5)/f). Let l(p) = p**2 + 4*p - 4. Calculate l(m).
1
Let r be (-130)/(-18) + (-16)/72. Suppose 6*i + 9 = r*i. Let b(x) = -x**2 + 11*x - 17. Give b(i).
1
Let k(c) = 3 - 6*c**2 - 2 + 0 + 0*c**2. Suppose 5*p = 10, -2*p - 25 - 28 = 3*n. Let g = n - -21. Give k(g).
-23
Let l(c) be the first derivative of 32 - c - 1/3*c**3 + c**2. What is l(4)?
-9
Let b be 1 + 0 + ((-352)/(-4))/(-11). Let z(n) = 10*n + 62. Give z(b).
-8
Let o be 5 - ((-35)/5 + -3)*-1. Let q(y) = -2*y**2 - 3*y + 10. Give q(o).
-25
Suppose 20*s - 15*s = -5*h - 65, 0 = 3*h. Let l(m) be the third derivative of -m**5/60 - 7*m**4/12 - m**3/3 + 3*m**2. What is l(s)?
11
Let v(y) = -56*y**3 + 6*y**2 - 7*y - 38. Let w(l) = 31*l**3 - 2*l**2 + 3*l + 18. Let c(u) = -5*v(u) - 9*w(u). Give c(11).
-5
Let k = -7052 + 7063. Let p(d) = d**2 - 7*d - 22. Determine p(k).
22
Suppose m - 3*r = -15, -9 = -m - r - 4. Suppose n - 11 - 4 = m. Let a(y) = 4 - 4 + 1 - 2*y + 0 + n*y**3. What is a(1)?
14
Let d(f) = -f**3 + 3*f**2 - f - 8. Let n(k) = 3*k**3 + 4*k**2 + 35*k + 228. Let c(w) = 2*d(w) + n(w). Calculate c(-9).
-4
Let g(z) = 2*z**2 - 4*z - 12. Let q = -4418 - -4423. Determine g(q).
18
Let y(n) = 10*n + 391. Let i be (-26)/(-4)*((-42)/(-6) - 13). Calculate y(i).
1
Let y(s) = s - 1. Let j = -77 - -79. Suppose -5*a + j*a + 9 = 0. Suppose -6*z = -a*z - 9. What is y(z)?
2
Let b(w) = -w**2 + 5*w + 2. Let n be b(5). Let k(c) be the first derivative of -3*c**4/4 + c**3/3 + c**2 + c - 33. What is k(n)?
-15
Suppose -2667*v = -2669*v - 2. Let r(i) = -6*i**3 + 2*i**2 - 1. Determine r(v).
7
Let d be 12/(2 + 4)*(-4 + 0). Let w = d + 43. Let p(m) = -5*m + 34 - 72 + w. Calculate p(-2).
7
Let v = 2 - 8. Let o(b) = -b - 8. Let u be o(v). Let c(w) be the first derivative of w**2/2 + 4*w - 565. Calculate c(u).
2
Suppose -834*g + 92 = -830*g - 4*l, -2*g - l + 43 = 0. Let b(o) be the first derivative of -1/3*o**3 - 3*o - g - 1/2*o**2. Give b(-4).
-15
Let z be (-10)/1*2/(-4). Let g(k) be the third derivative of k**5/60 - 5*k**4/24 + k**3/3 + 476*k**2 + 19. What is g(z)?
2
Let d(y) = -2*y - 7. Let g = -108 - -113. Suppose -5*h - q = -2*q - 25, -5*h - q = -25. Suppose -g*w + i - 31 = 0, w - h*i - 2 = 11. Determine d(w).
7
Let f be 125/100 - ((-60)/16 + -2). Let y(h) = h**3 - 6*h**2 - 12*h + 27. Calculate y(f).
-8
Suppose -m + 0*m = 2. Let k be 5/m - 3/6. Let u(w) = 8*w**3 - 8*w**2 + 2*w - 27. Let o(j) = -5*j**3 + 4*j**2 - 2*j + 16. Let a(v) = -5*o(v) - 3*u(v). Give a(k).
-2
Let s(h) = -4*h + 2. Suppose 2*f - 257 = r, -3*f = -7*f - r + 499. Suppose -4*k - 2*o - f = 0, 3*k + 3*o + 102 = -o. Let d = k - -27. Determine s(d).
14
Suppose 4*d + 47 = -5*y, -52*d + 26*d = -25*d + 3. Let v(q) = 4 - 2*q + 3*q - 2. Give v(y).
-5
Let r(u) = -19 - 4 + 19 - 322*u**3 - 2*u**2 - 2*u**2 + 321*u**3 - 5*u. What is r(-4)?
16
Let i(g) be the third derivative of g**4/2 + 1026*g**2. Calculate i(1).
12
Suppose 0 = 4*h - 2*r - 26, -h - 3*h = 4*r - 56. Let f(q) = 2*q + 3 - h*q + 21*q - 13*q. What is f(-8)?
-5
Let h(r) = r + 9. Let y = 1466 - 1459. Calculate h(y).
16
Suppose 2*x = c + 2*c + 989, -5*c - 1644 = x. Let f = c + 320. Let o(q) = -q**3 - 9*q**2 + 2*q + 13. Give o(f).
-5
Suppose 0 = 6*a - 14*a + 16. Let z(k) = 4*k**3 - 297 - 3*k - 5*k**3 + a*k**2 + 297. Give z(2).
-6
Let i be (-475)/(-152) + 2/(-16). Let y be (-1 - 16)*-1 + 2. Suppose -z + y = 5*k, -2*z + i*k - 11 - 3 = 0. Let t(c) = 6*c. Give t(z).
-6
Let n(f) = 155*f - 48*f - 361 - 63*f. Let p be n(8). Let g(v) = -v**3 - 9*v**2 + v + 15. Calculate g(p).
6
Let w(p) be the first derivative of 2*p**3/3 - 11*p**2 - 16*p - 912. Determine w(11).
-16
Let b(c) be the third derivative of c**6/60 - 7*c**5/30 + 5*c**4/12 + 8*c**3/3 - 27*c**2 + 39. Calculate b(6).
4
Let c(o) = o**3 + 17*o + 3*o**2 + 5 + 7*o + 1 - 39*o + 6. Determine c(-6).
-6
Let x(o) be the third derivative of o**7/2520 + 7*o**6/360 + o**5/30 + 3*o**4/8 + o**3/2 - 165*o**2. Let z(y) be the second derivative of x(y). Give z(-10).
-36
Let n(t) = -t**3 + 7*t**2 + 16*t + 22. Let p(u) = 15*u**2 + 195*u + 9. Let b be p(-13). What is n(b)?
4
Let i(k) = k**2 + 15*k - 15. Let y(d) = d - 4. Let j(f) = -i(f) + 3*y(f). Let w(h) = -2*h**2 - 12*h - 28. Let s be w(-4). Give j(s).
3
Let h(s) = 184*s - 62. Let k(d) = 136*d - 62. Let w(t) = -3*h(t) + 4*k(t). What is w(-6)?
-14
Let w be (-388)/(-485)*(-5)/(-2). Let y(s) = -3*s + 27*s**w + s + 1 - 28*s**2 + 4 - 3*s. Suppose 0*p + 3*p = -15. What is y(p)?
5
Let y(w) = -2*w - 29. Let f(i) = 126*i - 11232. Let s be f(89). 